{"id":36,"date":"2019-05-14T16:46:19","date_gmt":"2019-05-14T16:46:19","guid":{"rendered":"http:\/\/www.gerhardjenders.de\/?page_id=36"},"modified":"2019-05-15T20:03:44","modified_gmt":"2019-05-15T20:03:44","slug":"impressum-2","status":"publish","type":"page","link":"https:\/\/www.gerhardjenders.de\/?page_id=36","title":{"rendered":"Impressum"},"content":{"rendered":"\n<p>Nat\u00fcrlich bin ich nur f\u00fcr das verantwortlich, was ich schreibe. Wenn ich auf ein nettes Caf\u00e9 verlinke, sind dessen Betreiber f\u00fcr das verantwortlich, was sie auf ihrer Website schreiben.<\/p>\n\n\n\n<p>Die Bilder und die Texte sind meine, man darf auf sie verlinken, man darf sie aber nicht kommerziell nutzen. (Nazis d\u00fcrfen gar nichts mit meinen Texten und Bildern machen, nur anschauen und lernen.)<\/p>\n\n\n\n<p>Leute, die auf den Bildern gut erkennbar abgebildet sind, hab ich vorher gefragt, ob das mit dem Bild und der Ver\u00f6ffentlichung in Ordnung ist.<\/p>\n\n\n\n<p>Wer einen Kommentar schreibt, sollte wissen, dass den alle lesen k\u00f6nnen, die den Blog besuchen. Und dass ich seine\/ihre Mailadresse lese, um gegebenenfalls zur\u00fcckzuschreiben, die Adresse aber nicht ver\u00f6ffentliche oder an irgendwen weitergebe. Wer mir was Privates schreiben will, tut das besser an meine Mail-Adresse. Oder per Post oder per Telefon.<\/p>\n\n\n\n<p>Wer mich beschimpft oder zuspammt, wird vom Blitz getroffen (Ich bin Physiker, ich kann das!).<\/p>\n\n\n\n<p>Cookies gibt es keine auf diesem Blog (ich kann nicht backen).<\/p>\n\n\n\n<p>Na gut, hier ein ordentliches Impressum:<\/p>\n<br>\n<small> Angaben gem\u00e4\u00df \u00a7 5 TMG<br>\n Gerhard Jenders<br>\n Im Broich 5<br>\n 51647 Gummersbach<br>\n Kontakt<br>\n E-Mail: gerhardjenders[bei]t-online.de<br>\n Haftung f\u00fcr Inhalte<br>\n Als Diensteanbieter bin ich gem\u00e4\u00df \u00a7 7 Abs.1 TMG f\u00fcr eigene Inhalte auf diesen Seiten nach den  allgemeinen Gesetzen verantwortlich. Nach \u00a7\u00a7 8 bis 10 TMG bin ich als Diensteanbieter jedoch nicht  verpflichtet, \u00fcbermittelte oder gespeicherte fremde Informationen zu \u00fcberwachen oder nach Umst\u00e4nden zu forschen, die auf eine rechtswidrige T\u00e4tigkeit hinweisen.<br>\n Verpflichtungen zur Entfernung oder Sperrung der Nutzung von Informationen nach den allgemeinen Gesetzen bleiben hiervon unber\u00fchrt. Eine diesbez\u00fcgliche Haftung ist jedoch erst ab dem Zeitpunkt der  Kenntnis einer konkreten Rechtsverletzung m\u00f6glich. Bei Bekanntwerden von  entsprechenden Rechtsverletzungen werde ich diese Inhalte umgehend entfernen.<br>\n Haftung f\u00fcr Links<br>\n Mein enth\u00e4lt Links zu externen Websites Dritter, auf deren Inhalte ich keinen Einfluss habe.  Deshalb kann ich f\u00fcr diese fremden Inhalte auch keine Gew\u00e4hr \u00fcbernehmen. F\u00fcr die Inhalte der  verlinkten Seiten ist stets der jeweilige Anbieter oder Betreiber der Seiten verantwortlich. Die verlinkten  Seiten wurden zum Zeitpunkt der Verlinkung auf m\u00f6gliche Rechtsverst\u00f6\u00dfe \u00fcberpr\u00fcft. Rechtswidrige Inhalte waren zum Zeitpunkt der Verlinkung nicht erkennbar.  Eine permanente inhaltliche Kontrolle der verlinkten Seiten ist jedoch ohne konkrete Anhaltspunkte einer\n Rechtsverletzung nicht zumutbar. Bei Bekanntwerden von Rechtsverletzungen werde ich derartige Links umgehend entfernen.<br>\n Urheberrecht<br>\n Die durch die Seitenbetreiber erstellten Inhalte und Werke auf diesen Seiten unterliegen dem deutschen Urheberrecht. Die Vervielf\u00e4ltigung, Bearbeitung, Verbreitung und jede Art der Verwertung au\u00dferhalb der\n Grenzen des Urheberrechtes bed\u00fcrfen der schriftlichen Zustimmung des jeweiligen Autors bzw. Erstellers.\n Downloads und Kopien dieser Seite sind nur f\u00fcr den privaten, nicht kommerziellen Gebrauch gestattet.\n Soweit die Inhalte auf dieser Seite nicht vom Betreiber erstellt wurden, werden die Urheberrechte Dritter beachtet. Insbesondere werden Inhalte Dritter als solche gekennzeichnet. Sollten Sie trotzdem auf eine\n Urheberrechtsverletzung aufmerksam werden, bitte ich um einen entsprechenden Hinweis. Bei Bekanntwerden von Rechtsverletzungen werden wir derartige Inhalte umgehend entfernen.<br><\/small>\n\n\n\n<p><\/p>\n","protected":false},"excerpt":{"rendered":"<p>Nat\u00fcrlich bin ich nur f\u00fcr das verantwortlich, was ich schreibe. Wenn ich auf ein nettes Caf\u00e9 verlinke, sind dessen Betreiber&hellip;<\/p>\n","protected":false},"author":1,"featured_media":0,"parent":0,"menu_order":0,"comment_status":"closed","ping_status":"closed","template":"","meta":{"jetpack_post_was_ever_published":false,"footnotes":""},"class_list":["post-36","page","type-page","status-publish","hentry"],"jetpack_sharing_enabled":true,"_links":{"self":[{"href":"https:\/\/www.gerhardjenders.de\/index.php?rest_route=\/wp\/v2\/pages\/36","targetHints":{"allow":["GET"]}}],"collection":[{"href":"https:\/\/www.gerhardjenders.de\/index.php?rest_route=\/wp\/v2\/pages"}],"about":[{"href":"https:\/\/www.gerhardjenders.de\/index.php?rest_route=\/wp\/v2\/types\/page"}],"author":[{"embeddable":true,"href":"https:\/\/www.gerhardjenders.de\/index.php?rest_route=\/wp\/v2\/users\/1"}],"replies":[{"embeddable":true,"href":"https:\/\/www.gerhardjenders.de\/index.php?rest_route=%2Fwp%2Fv2%2Fcomments&post=36"}],"version-history":[{"count":4,"href":"https:\/\/www.gerhardjenders.de\/index.php?rest_route=\/wp\/v2\/pages\/36\/revisions"}],"predecessor-version":[{"id":81,"href":"https:\/\/www.gerhardjenders.de\/index.php?rest_route=\/wp\/v2\/pages\/36\/revisions\/81"}],"wp:attachment":[{"href":"https:\/\/www.gerhardjenders.de\/index.php?rest_route=%2Fwp%2Fv2%2Fmedia&parent=36"}],"curies":[{"name":"wp","href":"https:\/\/api.w.org\/{rel}","templated":true}]}}